**2 + 17*x + 41. Let s be k(19). Suppose 3*h + 10 = -r + 6*h, s*r = -h. Let w(u) = 3*u**3 - u - 1. Determine w(r).
-3
Let h(i) = i**2 + 4*i - 4. Suppose -b = -2*b + 3. Let y be 4 - -16*b/(-6). Determine h(y).
-4
Let u(r) be the second derivative of -r**4/12 + r**3 - 3*r**2 + 24*r + 2. Calculate u(5).
-1
Let h be (-4 - -1)*4/(-3). Let z(l) = -h - 7*l - l**2 - 8*l + 11 + 14*l. What is z(-5)?
-13
Let d be 1*3*(-15 + 14). Let p(z) = -3*z**3 - 20*z**2 + 20*z - 12. Let q(n) = n**3 + 7*n**2 - 7*n + 4. Let k(t) = -6*p(t) - 17*q(t). Give k(d).
-11
Let c(b) be the first derivative of 2*b**2 + 7*b + 12. Let s(k) = -6*k - 10. Let a(o) = -7*c(o) - 5*s(o). Calculate a(-2).
-3
Let u(a) = 11*a**2 + 10*a + 2. Let y(r) = 5*r**2 + 4*r. Let o(h) = -6*u(h) + 13*y(h). Give o(-5).
3
Suppose 0 = 6*c - c. Let x(l) = -l + 3 - 9 + c - l. Calculate x(5).
-16
Let f(l) = -l**3 - 16*l**2 - 6*l**2 + 21*l**2 + 9. Let y(p) be the first derivative of -p**3/3 - 9*p**2/2 - 8*p + 1. Let b be y(-8). Calculate f(b).
9
Let j be (17/(-5) - -3)/((-1)/15). Suppose j*b + b + 42 = 0. Let h(u) = u + 10. What is h(b)?
4
Suppose -19*b = 2*b - 63. Let p(r) = -6*r + 3. Determine p(b).
-15
Let s(g) = 2*g - 3*g**2 + 0*g + 1 + 2*g**2. Suppose 4*j + 4*t = 20, 0 = 4*j - 4*t + 3 + 1. Give s(j).
1
Let l(v) = v**3 - 3*v**2 - 2*v - 5. Let z be l(4). Let r = 6 + -4. Let o(k) = 3 + 3 + 4*k - r*k - z. Give o(-6).
-9
Let f(j) = j**2 - 6*j - 7. Let w be f(8). Let v = w - 14. Let i(o) = -o**2 - 5*o + 7. Determine i(v).
7
Let f = 1552 + -1544. Let n(c) = -6*c + 56. Calculate n(f).
8
Let s(m) be the first derivative of -8*m**3/3 + m**2/2 + m - 144. Calculate s(-2).
-33
Let i(y) = y**2 - 5*y + 3. Suppose -2*t - 2*a + 6 = -2, -3*t + a = 4. Let o be 1 - 4 - t - -8. Calculate i(o).
3
Suppose -6*m = -5*m - 20. Let c = m - 14. Let j(y) be the third derivative of y**4/24 - y**3/3 - 13*y**2. What is j(c)?
4
Let g(u) = u + 5. Let w be (0 - (-4 + 2)) + 3. Suppose -w*h - 3*v + 12 = 0, v = -h + 2 + 2. Calculate g(h).
5
Let r(g) = -g**2 - 4*g. Suppose 6*c + 9 - 27 = 0. Let s(d) = -d**3 + 4*d**2 - 4*d - 1. Let y be s(c). Give r(y).
0
Suppose 0 = -7*z + 47 + 2. Let x(k) = -z*k - k - 2*k - k**2 + 0*k. Give x(-11).
-11
Suppose 5*a = 4*f - 7, -2*a = -2*f + 5 - 3. Let b = 108 + -74. Let s(t) = 3 - 4 - 2 + b*t - 37*t. Give s(a).
6
Let d(w) be the first derivative of w**2/2 - 17*w + 120. What is d(14)?
-3
Suppose 3*i - 19 = -1. Let x be 2*i*(-5)/(-20). Let j(c) = -3*c + 4. What is j(x)?
-5
Let t(z) be the first derivative of 3*z**4/4 - 4*z**3/3 + 3*z**2/2 - z - 34. Give t(2).
13
Let n(m) be the third derivative of -1/6*m**3 + 0*m + 1/12*m**4 - 34*m**2 + 0. Calculate n(-8).
-17
Let c(y) = -95*y - 1320. Let k be c(-14). Let t(v) = 2*v**2 - 18*v - 25. Calculate t(k).
-5
Suppose 0 = -7*b - 14 - 154. Let l be b/(-156) + (-30)/26. Let q(g) = 7*g**2 - g. Calculate q(l).
8
Let y(r) = -r - 257 + 257 + 4*r**2. Suppose 0 = -2*z + 4*u - 8 - 0, 0 = z - u. Let x = z - 3. Give y(x).
3
Let p(i) = -2*i + 35. Let m(f) = 2. Let q(n) = -6*m(n) + p(n). What is q(13)?
-3
Let o(q) = -5*q**3 + 29*q**2 - 28*q + 28. Let f(p) = -p**3 + 7*p**2 - 7*p + 6. Let w(c) = 9*f(c) - 2*o(c). Calculate w(-5).
33
Let w(u) = -6*u + 1. Let q be ((-8)/(-6))/((-16)/(-36)). Let a be (6 + -4)*q/6. What is w(a)?
-5
Let g = 0 + -3. Let l(x) be the first derivative of -2/3*x**3 - 3*x - 2 - x**2. Give l(g).
-15
Suppose 18 = -3*i - 5*l, 17 = -i - 4*i - 4*l. Let g(n) be the third derivative of 3*n**5/20 + 30*n**2. Determine g(i).
9
Let z(o) = -4*o - 10. Suppose 0 = -42*k - 84 - 126. Calculate z(k).
10
Let r(b) = -2*b + 3*b + b - 7*b**3 + 1. Suppose 4*i - 12 = -4*g, 2748*g = -2*i + 2751*g - 14. Give r(i).
6
Let a(l) = -l**3 + 3*l**2 - l + 3. Let p = 25 + -48. Let k = 26 + p. Calculate a(k).
0
Let i(h) be the first derivative of -4 + 5/12*h**4 + 2*h**2 + h**3 + 5*h - 1/20*h**5. Let u(w) be the first derivative of i(w). Determine u(6).
4
Let q(i) = i**2 + 7*i + 3. Let v(z) = -7*z - 118. Let d be v(-16). Calculate q(d).
-3
Let u(p) = -p - 1. Suppose 68 = 77*f - 43*f. Let g = -59 + 84. Suppose 7*q = f*q - g. What is u(q)?
4
Let c(o) = o**2 - 5*o. Let m be c(6). Let r(f) be the second derivative of 7/6*f**3 - 3/2*f**2 + 0 - 14*f - 1/12*f**4. What is r(m)?
3
Let x(f) be the third derivative of -12*f**2 - 1/24*f**4 + 0 - 1/60*f**5 + 1/6*f**3 + 0*f. Determine x(-4).
-11
Let l(j) = -j**3 + 5*j**2 - 5*j + 2. Let o(d) = 17*d - 7. Let v be o(3). Suppose -4*m + v - 28 = 0. What is l(m)?
-2
Let y be 3/2*16/(-6). Let a(q) = q**3 - q**2 + 5*q - 11. Let k be a(2). Let p(f) = 4*f - f + k - 2*f. What is p(y)?
-1
Let u = 29 - 10. Let i = u + -19. Let y(k) = -4*k - 31 + 29 - k**2 + i*k + 0*k**2. What is y(-3)?
1
Let u(r) = -8*r - 7. Let i be (-6)/(-2)*((-18)/(-6))/(-3). Give u(i).
17
Suppose q - 2*t = -1, 4*q = q + 2*t - 3. Let d be (q/(-3))/((-4)/(-48)). Let o(m) = 2*m - 8. Let p(f) = -3*f + 12. Let x(b) = -7*o(b) - 5*p(b). What is x(d)?
0
Let k = -651 - -655. Let l(r) = 2*r**2 - 7*r + 4. Determine l(k).
8
Let f(t) = 7*t**3 + 17*t**2 - 19*t + 1. Let g(y) = -3*y**3 - 8*y**2 + 9*y - 1. Let l be (-4)/(4 - 0)*5. Let r(b) = l*g(b) - 2*f(b). Calculate r(-7).
3
Suppose -p + 16 = -5*p. Let c be ((-18)/(-24))/((-6)/(-16)) + 3. Let q(u) = 6 + 0 + 3*u - c. Determine q(p).
-11
Let n(f) = -2*f + 2 - f + f. Let y(k) = -k - 3. Let d be y(-6). Determine n(d).
-4
Let t(i) = -1 - 3*i + 2*i + 5*i. Let y(g) = g**2 + 3*g - 7. Let n be y(-5). Suppose -5 = n*p - 2. What is t(p)?
-5
Let u = 247 - 241. Let g(s) = s**2 - 6*s + 4. Give g(u).
4
Let v be 12/(-2)*(-1)/2. Suppose 2*t - 6*t = 0, 4*t = -2*z + 12. Let l(d) = z*d**2 + d**3 + 3 + 2*d**3 - 5*d**v + d**3. Calculate l(6).
3
Let h(m) = 36*m + 31*m + 1 - 64*m. What is h(-4)?
-11
Let o(n) = n**3 + 5*n**2 - n - 6. Let p = 1 - 1. Suppose 5*j = j - 20. Let m = p + j. What is o(m)?
-1
Let l(s) = 13*s**2 + 14*s - 255*s**3 - 51 + 49 + 254*s**3. Determine l(14).
-2
Let z(w) be the first derivative of -w**4/4 + w**3 + 5*w**2/2 + 511. Calculate z(4).
4
Suppose 130*c = 139*c + 54. Let q(l) = -l - 1. Determine q(c).
5
Let z(a) = -7*a + 131. Let c(t) = 9*t - 176. Let i(x) = -3*c(x) - 4*z(x). Suppose 0 = -4*b + 4*r + 4, -4*b - r - 4 = -3*r. Calculate i(b).
1
Suppose 2*x - 11 = -1. Let c = -3 + x. Let z(r) = c*r + 7 + 12 - r - 16. What is z(6)?
9
Let w(k) = k**2 - 4*k - 2. Suppose -x + 2*v = 4*x - 87, v = -1. Suppose 0 = 14*s - x*s + 15. Determine w(s).
3
Let v(f) = -20*f**3 + 10*f**2 - 11*f + 13. Let y(g) = 9*g**3 - 5*g**2 + 5*g - 7. Let n(u) = 4*v(u) + 9*y(u). Determine n(5).
-6
Suppose -x = -3*d - 5, -5*d + 5 = x - 0*x. Let a(c) = -c**2 + 4*c - 12. What is a(x)?
-17
Let i(h) be the second derivative of h**6/120 - h**4/24 - 7*h**3/6 - 9*h. Let k(d) be the second derivative of i(d). Determine k(1).
2
Suppose -23*g = -29*g + 24. Let u(h) = 14*h**2 + g*h + 16*h**2 + 1 - 32*h**2 - h**3. Calculate u(-3).
-2
Let l = 379 - 374. Let h(g) = g**2 - 7*g + 5. Calculate h(l).
-5
Let b = -15 - -18. Suppose 0*v + 8 = 4*v. Let d(q) = 3*q**2 - 1 + 5 - v - q**2 - q**3 + 2*q. Determine d(b).
-1
Let b(c) = 3*c**3 + 11*c**2 - 9*c - 8. Let p(t) = t**3 + t**2 - 2*t - 1. Let v(f) = -b(f) + 4*p(f). Give v(6).
-26
Let u = 41 - 29. Suppose -j = j + u. Let t(i) = 0*i - 2*i - 5*i + 6*i - 7. Give t(j).
-1
Let l(i) = -5*i**2 + 10*i + 3. Let r(c) = -3*c**2 + 7*c + 2. Let o(m) = 5*l(m) - 8*r(m). Suppose g - 2*z = -6, -2*g - 4*z - 6 = -2. What is o(g)?
7
Let o(m) = -m**3 + 20*m**2 - 20*m + 23. Suppose -4*q - 3*q = -133. Give o(q).
4
Let k(o) be the first derivative of o**7/840 - o**6/90 - o**5/40 - o**4/24 - o**3/3 - 9*o**2/2 - 5. Let m(z) be the third derivative of k(z). Determine m(4).
-13
Let m(u) = -4*u + 26. Let l = -7 + 14. Let d be m(l). Let n(y) = y**2 + y - 1. Give n(d).
1
Let w(g) = g + 3 + 10*g**2 - 8*g**2 - 6*g. Let d be -4*6/(-7) + (-6)/14. Give w(d).
6
Let c(u) = -u**2 + 7*u - 10. Let g be c(7). Let p = g - -6. Let s(r) = -r**2 - 5*r + 1. Let n be s(p). Let h(x) = x**2 - 7*x + 2. Give h(n).
-8
Let r(j) = -6*j + 6. Suppose 16 = 2*g + 2*w, -2*w + 1 = 3. Calculate r(g).
-48
Let g(p) = p**2 - 7*p + 4. Let m(n) = -2*n**2 + 8*n - 2. Let i(b) = -3*g(b) - 2*m(b). Determine i(-8).
16
Let o(w) = -312 + 10*w**2 - 51*w**3 + 50*w**3 - 7*w + 320. Give o(9).
26
Let t(o) = 14 + 3*o + 6 - 4*o - 2. What is t(18)?
0
Let o